{"id":3530,"date":"2015-05-21T16:52:27","date_gmt":"2015-05-21T14:52:27","guid":{"rendered":"http:\/\/spp.bplaced.net\/?page_id=3530"},"modified":"2015-05-21T16:52:27","modified_gmt":"2015-05-21T14:52:27","slug":"zubehoerteile-fuer-ein-warbid-cockpit","status":"publish","type":"page","link":"https:\/\/spp.bplaced.net\/?page_id=3530","title":{"rendered":"Zubeh\u00f6rteile f\u00fcr ein Warbid-Cockpit"},"content":{"rendered":"<p>Hier ein paar Zubeh\u00f6rteile f\u00fcr ein Warbird-Cockpit.<\/p>\n<p><img loading=\"lazy\" decoding=\"async\" class=\"alignnone size-full wp-image-3531\" alt=\"IMG_0012\" src=\"https:\/\/spp.bplaced.net\/wp-content\/uploads\/2015\/05\/IMG_0012.jpg\" width=\"945\" height=\"709\" srcset=\"https:\/\/spp.bplaced.net\/wp-content\/uploads\/2015\/05\/IMG_0012.jpg 945w, https:\/\/spp.bplaced.net\/wp-content\/uploads\/2015\/05\/IMG_0012-300x225.jpg 300w\" sizes=\"auto, (max-width: 945px) 100vw, 945px\" \/> <img loading=\"lazy\" decoding=\"async\" class=\"alignnone size-full wp-image-3532\" alt=\"IMG_0013\" src=\"https:\/\/spp.bplaced.net\/wp-content\/uploads\/2015\/05\/IMG_0013.jpg\" width=\"945\" height=\"709\" srcset=\"https:\/\/spp.bplaced.net\/wp-content\/uploads\/2015\/05\/IMG_0013.jpg 945w, https:\/\/spp.bplaced.net\/wp-content\/uploads\/2015\/05\/IMG_0013-300x225.jpg 300w\" sizes=\"auto, (max-width: 945px) 100vw, 945px\" \/> <img loading=\"lazy\" decoding=\"async\" class=\"alignnone size-full wp-image-3533\" alt=\"IMG_0014\" src=\"https:\/\/spp.bplaced.net\/wp-content\/uploads\/2015\/05\/IMG_0014.jpg\" width=\"945\" height=\"709\" srcset=\"https:\/\/spp.bplaced.net\/wp-content\/uploads\/2015\/05\/IMG_0014.jpg 945w, https:\/\/spp.bplaced.net\/wp-content\/uploads\/2015\/05\/IMG_0014-300x225.jpg 300w\" sizes=\"auto, (max-width: 945px) 100vw, 945px\" \/> <img loading=\"lazy\" decoding=\"async\" class=\"alignnone size-full wp-image-3534\" alt=\"IMG_0015\" src=\"https:\/\/spp.bplaced.net\/wp-content\/uploads\/2015\/05\/IMG_0015.jpg\" width=\"945\" height=\"709\" srcset=\"https:\/\/spp.bplaced.net\/wp-content\/uploads\/2015\/05\/IMG_0015.jpg 945w, https:\/\/spp.bplaced.net\/wp-content\/uploads\/2015\/05\/IMG_0015-300x225.jpg 300w\" sizes=\"auto, (max-width: 945px) 100vw, 945px\" \/><\/p>\n","protected":false},"excerpt":{"rendered":"<p>Hier ein paar Zubeh\u00f6rteile f\u00fcr ein Warbird-Cockpit.<\/p>\n","protected":false},"author":1,"featured_media":0,"parent":2399,"menu_order":0,"comment_status":"open","ping_status":"open","template":"","meta":{"footnotes":""},"class_list":["post-3530","page","type-page","status-publish","hentry"],"_links":{"self":[{"href":"https:\/\/spp.bplaced.net\/index.php?rest_route=\/wp\/v2\/pages\/3530","targetHints":{"allow":["GET"]}}],"collection":[{"href":"https:\/\/spp.bplaced.net\/index.php?rest_route=\/wp\/v2\/pages"}],"about":[{"href":"https:\/\/spp.bplaced.net\/index.php?rest_route=\/wp\/v2\/types\/page"}],"author":[{"embeddable":true,"href":"https:\/\/spp.bplaced.net\/index.php?rest_route=\/wp\/v2\/users\/1"}],"replies":[{"embeddable":true,"href":"https:\/\/spp.bplaced.net\/index.php?rest_route=%2Fwp%2Fv2%2Fcomments&post=3530"}],"version-history":[{"count":1,"href":"https:\/\/spp.bplaced.net\/index.php?rest_route=\/wp\/v2\/pages\/3530\/revisions"}],"predecessor-version":[{"id":3535,"href":"https:\/\/spp.bplaced.net\/index.php?rest_route=\/wp\/v2\/pages\/3530\/revisions\/3535"}],"up":[{"embeddable":true,"href":"https:\/\/spp.bplaced.net\/index.php?rest_route=\/wp\/v2\/pages\/2399"}],"wp:attachment":[{"href":"https:\/\/spp.bplaced.net\/index.php?rest_route=%2Fwp%2Fv2%2Fmedia&parent=3530"}],"curies":[{"name":"wp","href":"https:\/\/api.w.org\/{rel}","templated":true}]}}