{"id":4305,"date":"2015-11-10T18:52:30","date_gmt":"2015-11-10T16:52:30","guid":{"rendered":"http:\/\/spp.bplaced.net\/?page_id=4305"},"modified":"2015-11-17T12:34:10","modified_gmt":"2015-11-17T10:34:10","slug":"reparatur-tigercat-nach-flaechenbruch","status":"publish","type":"page","link":"https:\/\/spp.bplaced.net\/?page_id=4305","title":{"rendered":"Reparatur Tigercat nach Fl\u00e4chenbruch"},"content":{"rendered":"<p>Unsere Tigercat hat ihren Erstflug nicht ganz Schadenfrei \u00fcberstanden. Bei der ersten normalen Landung ist einfach die rechte Fl\u00e4che an der Wurzelrippe am Rumpf abgebrochen! Bei n\u00e4herer Betrachtung stellte sich ein kapitaler Fertigungsfehler des Herstellers als Ursache heraus. Alle Verbindungen sind stumpf verleimt. Wir hatten Gl\u00fcck dass das nicht schon bei einem h\u00e4rteren Flugman\u00f6ver gebrochen ist. Aber die Katze ist super geflogen, sie wird repariert!<\/p>\n<p><img loading=\"lazy\" decoding=\"async\" class=\"alignleft size-full wp-image-4306\" alt=\"IMG_7227\" src=\"https:\/\/spp.bplaced.net\/wp-content\/uploads\/2015\/11\/IMG_7227.jpg\" width=\"1772\" height=\"1181\" srcset=\"https:\/\/spp.bplaced.net\/wp-content\/uploads\/2015\/11\/IMG_7227.jpg 1772w, https:\/\/spp.bplaced.net\/wp-content\/uploads\/2015\/11\/IMG_7227-300x199.jpg 300w, https:\/\/spp.bplaced.net\/wp-content\/uploads\/2015\/11\/IMG_7227-1024x682.jpg 1024w\" sizes=\"auto, (max-width: 1772px) 100vw, 1772px\" \/> <img loading=\"lazy\" decoding=\"async\" class=\"alignleft size-full wp-image-4307\" alt=\"IMG_7243\" src=\"https:\/\/spp.bplaced.net\/wp-content\/uploads\/2015\/11\/IMG_7243.jpg\" width=\"1772\" height=\"1181\" srcset=\"https:\/\/spp.bplaced.net\/wp-content\/uploads\/2015\/11\/IMG_7243.jpg 1772w, https:\/\/spp.bplaced.net\/wp-content\/uploads\/2015\/11\/IMG_7243-300x199.jpg 300w, https:\/\/spp.bplaced.net\/wp-content\/uploads\/2015\/11\/IMG_7243-1024x682.jpg 1024w\" sizes=\"auto, (max-width: 1772px) 100vw, 1772px\" \/> <img loading=\"lazy\" decoding=\"async\" class=\"alignleft size-full wp-image-4308\" alt=\"IMG_7266\" src=\"https:\/\/spp.bplaced.net\/wp-content\/uploads\/2015\/11\/IMG_7266.jpg\" width=\"1772\" height=\"1181\" srcset=\"https:\/\/spp.bplaced.net\/wp-content\/uploads\/2015\/11\/IMG_7266.jpg 1772w, https:\/\/spp.bplaced.net\/wp-content\/uploads\/2015\/11\/IMG_7266-300x199.jpg 300w, https:\/\/spp.bplaced.net\/wp-content\/uploads\/2015\/11\/IMG_7266-1024x682.jpg 1024w\" sizes=\"auto, (max-width: 1772px) 100vw, 1772px\" \/> <img loading=\"lazy\" decoding=\"async\" class=\"alignleft size-full wp-image-4309\" alt=\"IMG_7268\" src=\"https:\/\/spp.bplaced.net\/wp-content\/uploads\/2015\/11\/IMG_7268.jpg\" width=\"1772\" height=\"1181\" srcset=\"https:\/\/spp.bplaced.net\/wp-content\/uploads\/2015\/11\/IMG_7268.jpg 1772w, https:\/\/spp.bplaced.net\/wp-content\/uploads\/2015\/11\/IMG_7268-300x199.jpg 300w, https:\/\/spp.bplaced.net\/wp-content\/uploads\/2015\/11\/IMG_7268-1024x682.jpg 1024w\" sizes=\"auto, (max-width: 1772px) 100vw, 1772px\" \/> <img loading=\"lazy\" decoding=\"async\" class=\"alignleft size-full wp-image-4310\" alt=\"IMG_7274\" src=\"https:\/\/spp.bplaced.net\/wp-content\/uploads\/2015\/11\/IMG_7274.jpg\" width=\"1772\" height=\"1181\" srcset=\"https:\/\/spp.bplaced.net\/wp-content\/uploads\/2015\/11\/IMG_7274.jpg 1772w, https:\/\/spp.bplaced.net\/wp-content\/uploads\/2015\/11\/IMG_7274-300x199.jpg 300w, https:\/\/spp.bplaced.net\/wp-content\/uploads\/2015\/11\/IMG_7274-1024x682.jpg 1024w\" sizes=\"auto, (max-width: 1772px) 100vw, 1772px\" \/><\/p>\n<p>&nbsp;<\/p>\n<p><img loading=\"lazy\" decoding=\"async\" class=\"alignleft size-full wp-image-4314\" alt=\"IMG_0009\" src=\"https:\/\/spp.bplaced.net\/wp-content\/uploads\/2015\/11\/IMG_0009.jpg\" width=\"1772\" height=\"1329\" srcset=\"https:\/\/spp.bplaced.net\/wp-content\/uploads\/2015\/11\/IMG_0009.jpg 1772w, https:\/\/spp.bplaced.net\/wp-content\/uploads\/2015\/11\/IMG_0009-300x225.jpg 300w, https:\/\/spp.bplaced.net\/wp-content\/uploads\/2015\/11\/IMG_0009-1024x767.jpg 1024w\" sizes=\"auto, (max-width: 1772px) 100vw, 1772px\" \/> <img loading=\"lazy\" decoding=\"async\" class=\"alignleft size-full wp-image-4313\" alt=\"IMG_0008\" src=\"https:\/\/spp.bplaced.net\/wp-content\/uploads\/2015\/11\/IMG_0008.jpg\" width=\"1772\" height=\"1329\" srcset=\"https:\/\/spp.bplaced.net\/wp-content\/uploads\/2015\/11\/IMG_0008.jpg 1772w, https:\/\/spp.bplaced.net\/wp-content\/uploads\/2015\/11\/IMG_0008-300x225.jpg 300w, https:\/\/spp.bplaced.net\/wp-content\/uploads\/2015\/11\/IMG_0008-1024x767.jpg 1024w\" sizes=\"auto, (max-width: 1772px) 100vw, 1772px\" \/> <img loading=\"lazy\" decoding=\"async\" class=\"alignleft size-full wp-image-4312\" alt=\"IMG_0007\" src=\"https:\/\/spp.bplaced.net\/wp-content\/uploads\/2015\/11\/IMG_0007.jpg\" width=\"1772\" height=\"1329\" srcset=\"https:\/\/spp.bplaced.net\/wp-content\/uploads\/2015\/11\/IMG_0007.jpg 1772w, https:\/\/spp.bplaced.net\/wp-content\/uploads\/2015\/11\/IMG_0007-300x225.jpg 300w, https:\/\/spp.bplaced.net\/wp-content\/uploads\/2015\/11\/IMG_0007-1024x767.jpg 1024w\" sizes=\"auto, (max-width: 1772px) 100vw, 1772px\" \/> <img loading=\"lazy\" decoding=\"async\" class=\"alignleft size-full wp-image-4311\" alt=\"IMG_0006\" src=\"https:\/\/spp.bplaced.net\/wp-content\/uploads\/2015\/11\/IMG_0006.jpg\" width=\"1772\" height=\"1329\" srcset=\"https:\/\/spp.bplaced.net\/wp-content\/uploads\/2015\/11\/IMG_0006.jpg 1772w, https:\/\/spp.bplaced.net\/wp-content\/uploads\/2015\/11\/IMG_0006-300x225.jpg 300w, https:\/\/spp.bplaced.net\/wp-content\/uploads\/2015\/11\/IMG_0006-1024x767.jpg 1024w\" sizes=\"auto, (max-width: 1772px) 100vw, 1772px\" \/><\/p>\n<p><img loading=\"lazy\" decoding=\"async\" class=\"alignleft size-full wp-image-4316\" alt=\"_DSC0562\" src=\"https:\/\/spp.bplaced.net\/wp-content\/uploads\/2015\/11\/DSC0562.jpg\" width=\"1772\" height=\"1186\" srcset=\"https:\/\/spp.bplaced.net\/wp-content\/uploads\/2015\/11\/DSC0562.jpg 1772w, https:\/\/spp.bplaced.net\/wp-content\/uploads\/2015\/11\/DSC0562-300x200.jpg 300w, https:\/\/spp.bplaced.net\/wp-content\/uploads\/2015\/11\/DSC0562-1024x685.jpg 1024w\" sizes=\"auto, (max-width: 1772px) 100vw, 1772px\" \/> <img loading=\"lazy\" decoding=\"async\" class=\"alignleft size-full wp-image-4318\" alt=\"_DSC0563\" src=\"https:\/\/spp.bplaced.net\/wp-content\/uploads\/2015\/11\/DSC0563.jpg\" width=\"1772\" height=\"1186\" srcset=\"https:\/\/spp.bplaced.net\/wp-content\/uploads\/2015\/11\/DSC0563.jpg 1772w, https:\/\/spp.bplaced.net\/wp-content\/uploads\/2015\/11\/DSC0563-300x200.jpg 300w, https:\/\/spp.bplaced.net\/wp-content\/uploads\/2015\/11\/DSC0563-1024x685.jpg 1024w\" sizes=\"auto, (max-width: 1772px) 100vw, 1772px\" \/> <img loading=\"lazy\" decoding=\"async\" class=\"alignleft size-full wp-image-4319\" alt=\"_DSC0564\" src=\"https:\/\/spp.bplaced.net\/wp-content\/uploads\/2015\/11\/DSC0564.jpg\" width=\"1772\" height=\"1186\" srcset=\"https:\/\/spp.bplaced.net\/wp-content\/uploads\/2015\/11\/DSC0564.jpg 1772w, https:\/\/spp.bplaced.net\/wp-content\/uploads\/2015\/11\/DSC0564-300x200.jpg 300w, https:\/\/spp.bplaced.net\/wp-content\/uploads\/2015\/11\/DSC0564-1024x685.jpg 1024w\" sizes=\"auto, (max-width: 1772px) 100vw, 1772px\" \/> <img loading=\"lazy\" decoding=\"async\" class=\"alignleft size-full wp-image-4320\" alt=\"_DSC0565\" src=\"https:\/\/spp.bplaced.net\/wp-content\/uploads\/2015\/11\/DSC0565.jpg\" width=\"1772\" height=\"1186\" srcset=\"https:\/\/spp.bplaced.net\/wp-content\/uploads\/2015\/11\/DSC0565.jpg 1772w, https:\/\/spp.bplaced.net\/wp-content\/uploads\/2015\/11\/DSC0565-300x200.jpg 300w, https:\/\/spp.bplaced.net\/wp-content\/uploads\/2015\/11\/DSC0565-1024x685.jpg 1024w\" sizes=\"auto, (max-width: 1772px) 100vw, 1772px\" \/> <img loading=\"lazy\" decoding=\"async\" class=\"alignleft size-full wp-image-4321\" alt=\"_DSC0566\" src=\"https:\/\/spp.bplaced.net\/wp-content\/uploads\/2015\/11\/DSC0566.jpg\" width=\"1772\" height=\"1186\" srcset=\"https:\/\/spp.bplaced.net\/wp-content\/uploads\/2015\/11\/DSC0566.jpg 1772w, https:\/\/spp.bplaced.net\/wp-content\/uploads\/2015\/11\/DSC0566-300x200.jpg 300w, https:\/\/spp.bplaced.net\/wp-content\/uploads\/2015\/11\/DSC0566-1024x685.jpg 1024w\" sizes=\"auto, (max-width: 1772px) 100vw, 1772px\" \/> <img loading=\"lazy\" decoding=\"async\" class=\"alignleft size-full wp-image-4322\" alt=\"_DSC0567\" src=\"https:\/\/spp.bplaced.net\/wp-content\/uploads\/2015\/11\/DSC0567.jpg\" width=\"1772\" height=\"1186\" srcset=\"https:\/\/spp.bplaced.net\/wp-content\/uploads\/2015\/11\/DSC0567.jpg 1772w, https:\/\/spp.bplaced.net\/wp-content\/uploads\/2015\/11\/DSC0567-300x200.jpg 300w, https:\/\/spp.bplaced.net\/wp-content\/uploads\/2015\/11\/DSC0567-1024x685.jpg 1024w\" sizes=\"auto, (max-width: 1772px) 100vw, 1772px\" \/> <img loading=\"lazy\" decoding=\"async\" class=\"alignleft size-full wp-image-4323\" alt=\"_DSC0568\" src=\"https:\/\/spp.bplaced.net\/wp-content\/uploads\/2015\/11\/DSC0568.jpg\" width=\"1772\" height=\"1186\" srcset=\"https:\/\/spp.bplaced.net\/wp-content\/uploads\/2015\/11\/DSC0568.jpg 1772w, https:\/\/spp.bplaced.net\/wp-content\/uploads\/2015\/11\/DSC0568-300x200.jpg 300w, https:\/\/spp.bplaced.net\/wp-content\/uploads\/2015\/11\/DSC0568-1024x685.jpg 1024w\" sizes=\"auto, (max-width: 1772px) 100vw, 1772px\" \/> <img loading=\"lazy\" decoding=\"async\" class=\"alignleft size-full wp-image-4324\" alt=\"_DSC0569\" src=\"https:\/\/spp.bplaced.net\/wp-content\/uploads\/2015\/11\/DSC0569.jpg\" width=\"1772\" height=\"1186\" srcset=\"https:\/\/spp.bplaced.net\/wp-content\/uploads\/2015\/11\/DSC0569.jpg 1772w, https:\/\/spp.bplaced.net\/wp-content\/uploads\/2015\/11\/DSC0569-300x200.jpg 300w, https:\/\/spp.bplaced.net\/wp-content\/uploads\/2015\/11\/DSC0569-1024x685.jpg 1024w\" sizes=\"auto, (max-width: 1772px) 100vw, 1772px\" \/><\/p>\n<p>&nbsp;<\/p>\n<p><img loading=\"lazy\" decoding=\"async\" class=\"alignleft size-full wp-image-4341\" alt=\"_DSC0617\" src=\"https:\/\/spp.bplaced.net\/wp-content\/uploads\/2015\/11\/DSC0617.jpg\" width=\"1772\" height=\"1186\" srcset=\"https:\/\/spp.bplaced.net\/wp-content\/uploads\/2015\/11\/DSC0617.jpg 1772w, https:\/\/spp.bplaced.net\/wp-content\/uploads\/2015\/11\/DSC0617-300x200.jpg 300w, https:\/\/spp.bplaced.net\/wp-content\/uploads\/2015\/11\/DSC0617-1024x685.jpg 1024w\" sizes=\"auto, (max-width: 1772px) 100vw, 1772px\" \/><img loading=\"lazy\" decoding=\"async\" class=\"alignleft size-full wp-image-4342\" alt=\"IMG_0031\" src=\"https:\/\/spp.bplaced.net\/wp-content\/uploads\/2015\/11\/IMG_0031.jpg\" width=\"1772\" height=\"1329\" srcset=\"https:\/\/spp.bplaced.net\/wp-content\/uploads\/2015\/11\/IMG_0031.jpg 1772w, https:\/\/spp.bplaced.net\/wp-content\/uploads\/2015\/11\/IMG_0031-300x225.jpg 300w, https:\/\/spp.bplaced.net\/wp-content\/uploads\/2015\/11\/IMG_0031-1024x767.jpg 1024w\" sizes=\"auto, (max-width: 1772px) 100vw, 1772px\" \/> <img loading=\"lazy\" decoding=\"async\" class=\"alignleft size-full wp-image-4343\" alt=\"IMG_0032\" src=\"https:\/\/spp.bplaced.net\/wp-content\/uploads\/2015\/11\/IMG_0032.jpg\" width=\"1772\" height=\"1329\" srcset=\"https:\/\/spp.bplaced.net\/wp-content\/uploads\/2015\/11\/IMG_0032.jpg 1772w, https:\/\/spp.bplaced.net\/wp-content\/uploads\/2015\/11\/IMG_0032-300x225.jpg 300w, https:\/\/spp.bplaced.net\/wp-content\/uploads\/2015\/11\/IMG_0032-1024x767.jpg 1024w\" sizes=\"auto, (max-width: 1772px) 100vw, 1772px\" \/> <img loading=\"lazy\" decoding=\"async\" class=\"alignleft size-full wp-image-4344\" alt=\"IMG_0033\" src=\"https:\/\/spp.bplaced.net\/wp-content\/uploads\/2015\/11\/IMG_0033.jpg\" width=\"1772\" height=\"1329\" srcset=\"https:\/\/spp.bplaced.net\/wp-content\/uploads\/2015\/11\/IMG_0033.jpg 1772w, https:\/\/spp.bplaced.net\/wp-content\/uploads\/2015\/11\/IMG_0033-300x225.jpg 300w, https:\/\/spp.bplaced.net\/wp-content\/uploads\/2015\/11\/IMG_0033-1024x767.jpg 1024w\" sizes=\"auto, (max-width: 1772px) 100vw, 1772px\" \/> <img loading=\"lazy\" decoding=\"async\" class=\"alignleft size-full wp-image-4345\" alt=\"IMG_0034\" src=\"https:\/\/spp.bplaced.net\/wp-content\/uploads\/2015\/11\/IMG_0034.jpg\" width=\"1772\" height=\"1329\" srcset=\"https:\/\/spp.bplaced.net\/wp-content\/uploads\/2015\/11\/IMG_0034.jpg 1772w, https:\/\/spp.bplaced.net\/wp-content\/uploads\/2015\/11\/IMG_0034-300x225.jpg 300w, https:\/\/spp.bplaced.net\/wp-content\/uploads\/2015\/11\/IMG_0034-1024x767.jpg 1024w\" sizes=\"auto, (max-width: 1772px) 100vw, 1772px\" \/><\/p>\n<p>&nbsp;<\/p>\n<p>Alles wieder komplettiert&#8230; als w\u00e4re nix gewesen \ud83d\ude42<\/p>\n<p><img loading=\"lazy\" decoding=\"async\" class=\"alignleft size-full wp-image-4350\" alt=\"_DSC0621\" src=\"https:\/\/spp.bplaced.net\/wp-content\/uploads\/2015\/11\/DSC0621.jpg\" width=\"1772\" height=\"1186\" srcset=\"https:\/\/spp.bplaced.net\/wp-content\/uploads\/2015\/11\/DSC0621.jpg 1772w, https:\/\/spp.bplaced.net\/wp-content\/uploads\/2015\/11\/DSC0621-300x200.jpg 300w, https:\/\/spp.bplaced.net\/wp-content\/uploads\/2015\/11\/DSC0621-1024x685.jpg 1024w\" sizes=\"auto, (max-width: 1772px) 100vw, 1772px\" \/> <img loading=\"lazy\" decoding=\"async\" class=\"alignleft size-full wp-image-4351\" alt=\"_DSC0622\" src=\"https:\/\/spp.bplaced.net\/wp-content\/uploads\/2015\/11\/DSC0622.jpg\" width=\"1772\" height=\"1186\" srcset=\"https:\/\/spp.bplaced.net\/wp-content\/uploads\/2015\/11\/DSC0622.jpg 1772w, https:\/\/spp.bplaced.net\/wp-content\/uploads\/2015\/11\/DSC0622-300x200.jpg 300w, https:\/\/spp.bplaced.net\/wp-content\/uploads\/2015\/11\/DSC0622-1024x685.jpg 1024w\" sizes=\"auto, (max-width: 1772px) 100vw, 1772px\" \/> <img loading=\"lazy\" decoding=\"async\" class=\"alignleft size-full wp-image-4352\" alt=\"_DSC0623\" src=\"https:\/\/spp.bplaced.net\/wp-content\/uploads\/2015\/11\/DSC0623.jpg\" width=\"1772\" height=\"1186\" srcset=\"https:\/\/spp.bplaced.net\/wp-content\/uploads\/2015\/11\/DSC0623.jpg 1772w, https:\/\/spp.bplaced.net\/wp-content\/uploads\/2015\/11\/DSC0623-300x200.jpg 300w, https:\/\/spp.bplaced.net\/wp-content\/uploads\/2015\/11\/DSC0623-1024x685.jpg 1024w\" sizes=\"auto, (max-width: 1772px) 100vw, 1772px\" \/> <img loading=\"lazy\" decoding=\"async\" class=\"alignleft size-full wp-image-4353\" alt=\"_DSC0624\" src=\"https:\/\/spp.bplaced.net\/wp-content\/uploads\/2015\/11\/DSC0624.jpg\" width=\"1772\" height=\"1186\" srcset=\"https:\/\/spp.bplaced.net\/wp-content\/uploads\/2015\/11\/DSC0624.jpg 1772w, https:\/\/spp.bplaced.net\/wp-content\/uploads\/2015\/11\/DSC0624-300x200.jpg 300w, https:\/\/spp.bplaced.net\/wp-content\/uploads\/2015\/11\/DSC0624-1024x685.jpg 1024w\" sizes=\"auto, (max-width: 1772px) 100vw, 1772px\" \/> <img loading=\"lazy\" decoding=\"async\" class=\"alignleft size-full wp-image-4354\" alt=\"_DSC0625\" src=\"https:\/\/spp.bplaced.net\/wp-content\/uploads\/2015\/11\/DSC0625.jpg\" width=\"1772\" height=\"1186\" srcset=\"https:\/\/spp.bplaced.net\/wp-content\/uploads\/2015\/11\/DSC0625.jpg 1772w, https:\/\/spp.bplaced.net\/wp-content\/uploads\/2015\/11\/DSC0625-300x200.jpg 300w, https:\/\/spp.bplaced.net\/wp-content\/uploads\/2015\/11\/DSC0625-1024x685.jpg 1024w\" sizes=\"auto, (max-width: 1772px) 100vw, 1772px\" \/><\/p>\n<p>&nbsp;<\/p>\n<p>&nbsp;<\/p>\n<p>&nbsp;<\/p>\n<p>&nbsp;<\/p>\n<p>&nbsp;<\/p>\n<p>&nbsp;<\/p>\n<p>&nbsp;<\/p>\n<p>&nbsp;<\/p>\n<p>&nbsp;<\/p>\n<p>&nbsp;<\/p>\n<p>&nbsp;<\/p>\n<p>&nbsp;<\/p>\n<p>&nbsp;<\/p>\n<p>&nbsp;<\/p>\n<p>&nbsp;<\/p>\n<p>&nbsp;<\/p>\n<p>&nbsp;<\/p>\n<p>&nbsp;<\/p>\n<p>&nbsp;<\/p>\n<p>&nbsp;<\/p>\n<p>&nbsp;<\/p>\n<p>&nbsp;<\/p>\n<p>&nbsp;<\/p>\n<p>&nbsp;<\/p>\n<p>&nbsp;<\/p>\n<p>&nbsp;<\/p>\n<p>&nbsp;<\/p>\n<p>&nbsp;<\/p>\n<p>&nbsp;<\/p>\n<p>&nbsp;<\/p>\n<p>&nbsp;<\/p>\n<p>&nbsp;<\/p>\n<p>&nbsp;<\/p>\n<p>&nbsp;<\/p>\n<p>&nbsp;<\/p>\n<p>&nbsp;<\/p>\n<p>&nbsp;<\/p>\n<p>&nbsp;<\/p>\n<p>&nbsp;<\/p>\n<p>&nbsp;<\/p>\n<p>Hier das Ausma\u00df der Sch\u00e4den, so h\u00e4lt das nie! Es werden jetzt 4 Holme stehend aus Honeycomp Platten ( fest) eingesetzt. Verklebt wird allese mit Rovings dazwischen, Danach beplanken und dann wird das Mittelteil noch mit GFK Matte \u00fcberzogen und lackiert.<\/p>\n<p><img loading=\"lazy\" decoding=\"async\" class=\"alignleft size-full wp-image-4311\" alt=\"IMG_0006\" src=\"https:\/\/spp.bplaced.net\/wp-content\/uploads\/2015\/11\/IMG_0006.jpg\" width=\"1772\" height=\"1329\" srcset=\"https:\/\/spp.bplaced.net\/wp-content\/uploads\/2015\/11\/IMG_0006.jpg 1772w, https:\/\/spp.bplaced.net\/wp-content\/uploads\/2015\/11\/IMG_0006-300x225.jpg 300w, https:\/\/spp.bplaced.net\/wp-content\/uploads\/2015\/11\/IMG_0006-1024x767.jpg 1024w\" sizes=\"auto, (max-width: 1772px) 100vw, 1772px\" \/> <img loading=\"lazy\" decoding=\"async\" class=\"alignleft size-full wp-image-4312\" alt=\"IMG_0007\" src=\"https:\/\/spp.bplaced.net\/wp-content\/uploads\/2015\/11\/IMG_0007.jpg\" width=\"1772\" height=\"1329\" srcset=\"https:\/\/spp.bplaced.net\/wp-content\/uploads\/2015\/11\/IMG_0007.jpg 1772w, https:\/\/spp.bplaced.net\/wp-content\/uploads\/2015\/11\/IMG_0007-300x225.jpg 300w, https:\/\/spp.bplaced.net\/wp-content\/uploads\/2015\/11\/IMG_0007-1024x767.jpg 1024w\" sizes=\"auto, (max-width: 1772px) 100vw, 1772px\" \/> <img loading=\"lazy\" decoding=\"async\" class=\"alignleft size-full wp-image-4313\" alt=\"IMG_0008\" src=\"https:\/\/spp.bplaced.net\/wp-content\/uploads\/2015\/11\/IMG_0008.jpg\" width=\"1772\" height=\"1329\" srcset=\"https:\/\/spp.bplaced.net\/wp-content\/uploads\/2015\/11\/IMG_0008.jpg 1772w, https:\/\/spp.bplaced.net\/wp-content\/uploads\/2015\/11\/IMG_0008-300x225.jpg 300w, https:\/\/spp.bplaced.net\/wp-content\/uploads\/2015\/11\/IMG_0008-1024x767.jpg 1024w\" sizes=\"auto, (max-width: 1772px) 100vw, 1772px\" \/> <img loading=\"lazy\" decoding=\"async\" class=\"alignleft size-full wp-image-4314\" alt=\"IMG_0009\" src=\"https:\/\/spp.bplaced.net\/wp-content\/uploads\/2015\/11\/IMG_0009.jpg\" width=\"1772\" height=\"1329\" srcset=\"https:\/\/spp.bplaced.net\/wp-content\/uploads\/2015\/11\/IMG_0009.jpg 1772w, https:\/\/spp.bplaced.net\/wp-content\/uploads\/2015\/11\/IMG_0009-300x225.jpg 300w, https:\/\/spp.bplaced.net\/wp-content\/uploads\/2015\/11\/IMG_0009-1024x767.jpg 1024w\" sizes=\"auto, (max-width: 1772px) 100vw, 1772px\" \/><\/p>\n","protected":false},"excerpt":{"rendered":"<p>Unsere Tigercat hat ihren Erstflug nicht ganz Schadenfrei \u00fcberstanden. Bei der ersten normalen Landung ist einfach die rechte Fl\u00e4che an der Wurzelrippe am Rumpf abgebrochen! Bei n\u00e4herer Betrachtung stellte sich ein kapitaler Fertigungsfehler des Herstellers als Ursache heraus. Alle Verbindungen sind stumpf verleimt. Wir hatten Gl\u00fcck dass das nicht schon bei einem h\u00e4rteren Flugman\u00f6ver gebrochen ist. Aber die Katze ist &hellip; <a href=\"https:\/\/spp.bplaced.net\/?page_id=4305\"><\/a><\/p>\n","protected":false},"author":1,"featured_media":0,"parent":364,"menu_order":0,"comment_status":"open","ping_status":"open","template":"","meta":{"footnotes":""},"class_list":["post-4305","page","type-page","status-publish","hentry"],"_links":{"self":[{"href":"https:\/\/spp.bplaced.net\/index.php?rest_route=\/wp\/v2\/pages\/4305","targetHints":{"allow":["GET"]}}],"collection":[{"href":"https:\/\/spp.bplaced.net\/index.php?rest_route=\/wp\/v2\/pages"}],"about":[{"href":"https:\/\/spp.bplaced.net\/index.php?rest_route=\/wp\/v2\/types\/page"}],"author":[{"embeddable":true,"href":"https:\/\/spp.bplaced.net\/index.php?rest_route=\/wp\/v2\/users\/1"}],"replies":[{"embeddable":true,"href":"https:\/\/spp.bplaced.net\/index.php?rest_route=%2Fwp%2Fv2%2Fcomments&post=4305"}],"version-history":[{"count":5,"href":"https:\/\/spp.bplaced.net\/index.php?rest_route=\/wp\/v2\/pages\/4305\/revisions"}],"predecessor-version":[{"id":4355,"href":"https:\/\/spp.bplaced.net\/index.php?rest_route=\/wp\/v2\/pages\/4305\/revisions\/4355"}],"up":[{"embeddable":true,"href":"https:\/\/spp.bplaced.net\/index.php?rest_route=\/wp\/v2\/pages\/364"}],"wp:attachment":[{"href":"https:\/\/spp.bplaced.net\/index.php?rest_route=%2Fwp%2Fv2%2Fmedia&parent=4305"}],"curies":[{"name":"wp","href":"https:\/\/api.w.org\/{rel}","templated":true}]}}